hat are the prime factors of 104412?
2, 3, 7, 11, 113
List the prime factors of 326693.
326693
List the prime factors of 569053.
569053
List the prime factors of 724658.
2, 11, 32939
List the prime factors of 5799378.
2, 3, 13, 149, 499
What are the prime factors of 5153264?
2, 322079
List the prime factors of 5751386.
2, 463, 6211
List the prime factors of 8001386.
2, 4000693
What are the prime factors of 595529?
11, 54139
List the prime factors of 573457.
573457
What are the prime factors of 2277771?
3, 277, 2741
What are the prime factors of 10712827?
19, 661, 853
List the prime factors of 208682.
2, 151, 691
List the prime factors of 216509.
216509
List the prime factors of 50220.
2, 3, 5, 31
What are the prime factors of 6157693?
433, 14221
List the prime factors of 23317086.
2, 3, 13, 298937
What are the prime factors of 510887?
13, 3023
What are the prime factors of 5817924?
2, 3, 7, 23087
List the prime factors of 793426.
2, 396713
List the prime factors of 31746573.
3, 31, 47, 269
What are the prime factors of 56521?
29, 1949
List the prime factors of 272766.
2, 3, 13, 269
What are the prime factors of 7111062?
2, 3, 7, 56437
What are the prime factors of 215372?
2, 23, 2341
What are the prime factors of 22487241?
3, 7, 19, 56359
List the prime factors of 20026509.
3, 37, 180419
List the prime factors of 903279.
3, 13, 19, 23, 53
What are the prime factors of 301765?
5, 60353
List the prime factors of 2983736.
2, 7, 53281
List the prime factors of 1836964.
2, 23, 41, 487
What are the prime factors of 5251377?
3, 1750459
List the prime factors of 192068.
2, 48017
What are the prime factors of 71180?
2, 5, 3559
What are the prime factors of 4925239?
11, 447749
List the prime factors of 283478.
2, 13, 10903
List the prime factors of 21455333.
97, 373, 593
What are the prime factors of 3204021?
3, 103, 10369
What are the prime factors of 377047?
11, 151, 227
List the prime factors of 1040892.
2, 3, 127, 683
List the prime factors of 305581.
305581
What are the prime factors of 7771375?
5, 62171
List the prime factors of 6961450.
2, 5, 29, 4801
List the prime factors of 6789915.
3, 5, 11, 29, 43
What are the prime factors of 1138520?
2, 5, 28463
What are the prime factors of 16215869?
41, 395509
List the prime factors of 6335833.
7, 23, 29, 59
List the prime factors of 880726.
2, 7, 11, 19, 43
What are the prime factors of 363769?
7, 157, 331
What are the prime factors of 1022625?
3, 5, 101
List the prime factors of 136512.
2, 3, 79
List the prime factors of 16629544.
2, 2078693
List the prime factors of 2619783.
3, 10781
What are the prime factors of 556960?
2, 5, 59
What are the prime factors of 2582220?
2, 3, 5, 43037
What are the prime factors of 270630?
2, 3, 5, 31, 97
What are the prime factors of 4793861?
4793861
What are the prime factors of 8319599?
137, 60727
What are the prime factors of 12148331?
13, 934487
List the prime factors of 299996.
2, 37, 2027
What are the prime factors of 648977?
7, 83, 1117
What are the prime factors of 12991875?
3, 5, 13, 41
What are the prime factors of 1529526?
2, 3, 227, 1123
List the prime factors of 526812.
2, 3, 11, 13, 307
List the prime factors of 416425.
5, 16657
What are the prime factors of 1422772?
2, 13, 27361
What are the prime factors of 3050210?
2, 5, 305021
What are the prime factors of 5522895?
3, 5, 7, 89, 197
List the prime factors of 253709.
37, 6857
What are the prime factors of 235273?
235273
What are the prime factors of 103594?
2, 51797
List the prime factors of 240228.
2, 3, 6673
List the prime factors of 3288772.
2, 631, 1303
What are the prime factors of 852144?
2, 3, 41, 433
List the prime factors of 268722.
2, 3, 14929
List the prime factors of 311921.
271, 1151
List the prime factors of 488694.
2, 3, 79, 1031
What are the prime factors of 28198?
2, 23, 613
List the prime factors of 426417.
3, 19, 7481
What are the prime factors of 3737956?
2, 934489
List the prime factors of 531668.
2, 23, 5779
What are the prime factors of 1906684?
2, 13, 37, 991
What are the prime factors of 114299?
114299
List the prime factors of 26604935.
5, 7, 760141
What are the prime factors of 4518045?
3, 5, 7, 683
List the prime factors of 28257005.
5, 7, 199, 4057
What are the prime factors of 827230?
2, 5, 82723
What are the prime factors of 432?
2, 3
What are the prime factors of 141570?
2, 3, 5, 11, 13
What are the prime factors of 506067?
3, 43, 3923
List the prime factors of 196883.
47, 59, 71
What are the prime factors of 5586260?
2, 5, 37, 7549
List the prime factors of 428652.
2, 3, 7
What are the prime factors of 2803773?
3, 7, 19, 7027
What are the prime factors of 17337405?
3, 5, 19, 127, 479
What are the prime factors of 1511895?
3, 5, 7, 11, 17
List the prime factors of 4318042.
2, 29, 74449
List the prime factors of 1332879.
3, 444293
What are the prime factors of 256604?
2, 64151
What are the prime factors of 16886057?
43, 392699
List the prime factors of 9343.
9343
List the prime factors of 673157.
673157
What are the prime factors of 9446242?
2, 13, 363317
What are the prime factors of 739203?
3, 79, 3119
List the prime factors of 105512.
2, 11, 109
List the prime factors of 4104323.
19, 337, 641
What are the prime factors of 3413449?
13, 67, 3919
List the prime factors of 658669.
11, 59879
List the prime factors of 129436.
2, 32359
List the prime factors of 10828589.
53, 173, 1181
List the prime factors of 2365208.
2, 41, 7211
List the prime factors of 1391352.
2, 3, 57973
What are the prime factors of 40035235?
5, 8007047
What are the prime factors of 10755807?
3, 569, 6301
List the prime factors of 33214318.
2, 19, 43, 20327
What are the prime factors of 1543345?
5, 17, 67, 271
List the prime factors of 269403.
3, 89, 1009
What are the prime factors of 395128?
2, 49391
What are the prime factors of 824719?
7, 16831
What are the prime factors of 13077814?
2, 19, 344153
List the prime factors of 1431514.
2, 7, 102251
What are the prime factors of 1390324?
2, 13, 26737
What are the prime factors of 892212?
2, 3, 149, 499
List the prime factors of 14782546.
2, 127, 58199
What are the prime factors of 10491784?
2, 1311473
List the prime factors of 5654554.
2, 2827277
List the prime factors of 261677.
13, 20129
List the prime factors of 2560492.
2, 11, 58193
List the prime factors of 623193.
3, 31, 6701
List the prime factors of 1660349.
97, 17117
List the prime factors of 2647935.
3, 5, 19, 163
List the prime factors of 1781917.
853, 2089
What are the prime factors of 604853?
29, 20857
List the prime factors of 8914986.
2, 3, 495277
List the prime factors of 14159537.
7, 2022791
List the prime factors of 4613954.
2, 2306977
List the prime factors of 2958505.
5, 11, 53791
List the prime factors of 885733.
885733
What are the prime factors of 642781?
23, 27947
What are the prime factors of 8565779?
97, 233, 379
List the prime factors of 10195647.
3, 7, 11, 19, 23, 101
List the prime factors of 24202929.
3, 8067643
List the prime factors of 8442503.
1627, 5189
What are the prime factors of 13505287?
79, 170953
List the prime factors of 8465867.
8465867
What are the prime factors of 22511863?
11, 59, 34687
What are the prime factors of 13203574?
2, 6601787
What are the prime factors of 75233?
23, 3271
What are the prime factors of 211971?
3, 70657
What are the prime factors of 5954527?
1297, 4591
List the prime factors of 45077.
45077
What are the prime factors of 275803?
11, 25073
What are the prime factors of 25062949?
37, 439, 1543
List the prime factors of 45575.
5, 1823
List the prime factors of 5701032.
2, 3, 79181
List the prime factors of 2584026.
2, 3, 89, 1613
What are the prime factors of 779172?
2, 3, 29, 2239
List the prime factors of 2111435.
5, 422287
List the prime factors of 1030132.
2, 17, 15149
What are the prime factors of 936804?
2, 3, 11, 47, 151
List the prime factors of 7231778.
2, 733, 4933
List the prime factors of 642606.
2, 3, 107101
List the prime factors of 61720.
2, 5, 1543
What are the prime factors of 21546307?
21546307
List the prime factors of 1278140.
2, 5, 63907
What are the prime factors of 255394?
2, 277, 461
List the prime factors of 971037.
3, 23, 4691
What are the prime factors of 239389?
239389
What are the prime factors of 9367175?
